 = -7*i**2 + 5*i + 4. Let f(b) = g*z(b) + 5*y(b). Calculate f(4).
8
Let u(j) = 32*j - 7*j - 10*j**2 - 29*j - 13*j + 5 - 3. Determine u(-1).
9
Let x(u) = -u - 1. Let r = -40 - -42. Suppose 4*t = 5*w - 21, r*w - w = 2*t + 9. Let s(b) = 8*b - 1. Let y(h) = w*s(h) + 6*x(h). What is y(7)?
7
Let d(i) = 237*i - 180. Let m(k) = 55*k - 42. Let j(z) = -7*d(z) + 30*m(z). Let p = 2 - 3. Determine j(p).
9
Let q(s) = s**3 - 9*s**2 - 3*s - 7. Let l be 1365/156 - (0 - (-3)/4). What is q(l)?
-95
Let y = -86 - -401. Let b = -313 + y. Let s(v) = -24*v + 3. Determine s(b).
-45
Suppose 2057 + 3879 = 16*s. Let w = -379 + s. Let u(f) = f**3 + 9*f**2 + 9*f + 4. Give u(w).
-4
Suppose 11 = 4*y - 5, 0 = -2*b - 5*y + 30. Let k(o) = -o**2 - 4*o - 2. Let d(m) = -5*m**2 - 31*m - 6. Let p(a) = d(a) - 6*k(a). What is p(b)?
-4
Let u(k) = 69*k - 273. Let o be u(4). Suppose o*m - 3 = -3*t, 5*t = -3*m - 5 + 6. Let a(s) = 3*s - 5. Determine a(m).
1
Let n(s) = s**2 - 16*s + 52. Let m(r) = r**2 - 60*r + 374. Let l be m(7). Calculate n(l).
13
Let d(k) be the second derivative of 105*k + 0 - 25/6*k**3 + 1/2*k**2. Calculate d(1).
-24
Suppose -5*w + 5*s - 5 = 0, -5*w + s + 1 = -2. Let k(q) = -512*q - w - 3*q**2 + 1035*q - 518*q + 2*q**2. Determine k(5).
-1
Let l(v) = -63 - 60 + v - 61 + 239 - 68. Give l(9).
-4
Let u(y) = -y**2 + 12*y - 23*y + 7*y + 3. Suppose -3*t + 4*q - 63 = -47, 0 = q - 1. Determine u(t).
3
Let y(m) = -m**3 + 8*m**2 + 19*m + 2. Let f(j) = 5*j**2 + 131*j + 36. Let c be f(-26). Calculate y(c).
-8
Suppose -7*v + 11*v - 1764 = 0. Let u(w) = -8 - v*w + 224*w + 218*w. What is u(7)?
-1
Let r(l) = -l**2 - 33*l + 81 + 2*l**3 + 67*l - 35*l - 82. Let n = 1 + -2. Determine r(n).
-3
Let j(a) be the second derivative of -a**6/180 - a**5/24 - a**4/3 + 3*a. Let h(r) be the third derivative of j(r). Let z = -551 - -547. Give h(z).
11
Suppose -2*i + 3 = 1. Let p(q) = 275 + 14*q**2 - 15*q**2 - 274 - 3*q**3. Give p(i).
-3
Let i(s) be the second derivative of -s**4/12 - s**3 + 3*s**2 + s - 632. Suppose 4*u = -5*m - 49, 5*u + 4*m + 58 = 8. What is i(u)?
6
Let l(r) = r + 4. Let j = -32 + -31. Let v = j + 66. Suppose -u + 1 = g + 8, -5 = v*u - 5*g. What is l(u)?
-1
Let x(l) = 6*l + 12. Suppose -6*h - 5*h - 55 = 0. Let o(q) = -7*q - 14. Let z(y) = h*o(y) - 6*x(y). What is z(3)?
-5
Suppose 264 = 4*h + 62*h. Let i(s) = s**3 - 2*s**2 - 10*s + 1. What is i(h)?
-7
Let r(d) = -d**2 + 17*d - 4. Let u be (-20)/(-130) - (-3090)/195. Calculate r(u).
12
Let a(x) = -x**2 - 29*x + 1265. Let f be a(-53). Let y(v) = -15*v + 18. Calculate y(f).
123
Let l = -112 + 1. Let u = -104 - l. Suppose 33 = -4*j - 3*n, -2*n = -u*n - 15. Let k(i) = i + 10. What is k(j)?
4
Let k = 125 + -52. Let g be 122/(-2) + (21 - 26). Let v = g + k. Let w(o) = -o**2 + 5*o + 10. Determine w(v).
-4
Suppose -4*o + 9 = 1. Suppose -3 = o*y - 11. Suppose 4*p = -2*c, -4*p + 0*c = y*c + 4. Let b(h) = h. Determine b(p).
1
Let o(k) = 5*k**2 - 11*k - 23. Let a(z) = -10*z**2 + 21*z + 42. Let r(n) = 5*a(n) + 9*o(n). What is r(-1)?
-8
Suppose -8*g + 5393 = 5769. Let c(v) = v**2 + 48*v + 52. Determine c(g).
5
Let m(p) = p**2 - 6*p - 20. Let q(s) be the first derivative of -s**3/3 + 7*s**2/2 + 18*s + 192. Let t(d) = -3*m(d) - 4*q(d). Determine t(11).
-1
Let z(g) = 6*g**2 - 238*g - 317. Let c be z(41). Let w(q) = q**2 - 9*q - 2. Give w(c).
20
Let s(w) = -3*w**2 - 2*w. Suppose -4*g + t = 83, 5*g + 5*t = 2*t - 108. Let z be (3*-8)/(g/70). Let b be 4/(-18) + z/36. What is s(b)?
-16
Let j(f) = -f**2 - 15*f + 22. Let y be j(-16). Let v be y*(32/6)/(-4). Let w be 2*((-3)/3)/((-2)/v). Let m(g) = g**3 + 7*g**2 - 10*g - 11. Calculate m(w).
5
Let p(m) = -m**3 - 7*m**2 + 7*m - 6. Let b be p(-8). Suppose -b*x = -3*x - 4. Let k(u) be the first derivative of -u**3/3 - 5*u**2/2 - 4*u - 2. Give k(x).
0
Suppose -3 = -2*n + n. Let f(b) be the first derivative of -b**3/3 - 2*b**2 - b - 250. Calculate f(n).
-22
Let o = -8 - -5. Let h(z) = z - 3. Let j(d) = -14*d - 8. Let b(u) = 5*u + 1. Let k(v) = -4*b(v) - j(v). Let w(g) = 3*h(g) + k(g). Give w(o).
4
Let w(f) = 8*f - 7. Let j(b) = b + 3. Let o(d) = -2*j(d) + w(d). Give o(3).
5
Let l(b) = -10*b**2 + b + 1. Let v = -3564 - -3563. Calculate l(v).
-10
Let v(a) = -13*a - 81. Let x(b) = -42*b - 2233. Let u be x(-53). What is v(u)?
10
Let b(v) = v - 2 - 558*v**2 + 557*v**2 - 2 - 8*v - v. Calculate b(-8).
-4
Let s(f) = 4*f**2 + 11. Let y(n) = -7*n**2 - 21. Let h = -51 + 48. Let q(g) = h*y(g) - 5*s(g). Give q(0).
8
Let d(f) be the second derivative of f**5/20 + 5*f**4/6 - 5*f**3 - 21*f**2 - 6281*f. Calculate d(-12).
30
Let q(f) = 8*f + 11. Let j(k) = 27*k + 400. Let g(r) = j(r) + 2*q(r). Calculate g(-10).
-8
Let z(g) be the second derivative of -g**4/12 + 15*g**2/2 - 221*g. Determine z(5).
-10
Let h(a) = -a - 4. Let q be (3/(-9))/((-1)/3). Suppose 4*f = -4*u, 35*u + 4*f + 15 = 36*u. Let y be u/(-2)*(-10)/(-15) + q. Calculate h(y).
-4
Let d(l) = 11339*l - 11348*l - 7 + 2 + 30. Calculate d(1).
16
Suppose 0 = -3*i - 3*o + o + 7, 3*i - 5*o - 14 = 0. Let h(d) be the second derivative of -d**5/20 + d**4/3 - d**3/2 + 3*d**2/2 - 21*d. Calculate h(i).
3
Let x be 1*((-250)/30 - 12/(-9)). Let o(z) = -z**3 - 8*z**2 - 8*z + 7. Determine o(x).
14
Let k(n) = -2*n**3 + 4*n**2 - 3*n + 2. Let r(y) = 2*y**2 + 30*y - 30. Let j(w) = 0 - w - 6 - w**2 + 2 + 0. Let x be j(-4). Let g be r(x). What is k(g)?
-4
Let g = 27 + -17. Suppose 7*s - 36 - 41 = 0. Let p(b) = s*b - 13 + 0*b - 10*b. Calculate p(g).
-3
Let g(k) be the first derivative of 6 + k - 1/3*k**3 - 1/2*k**2. Give g(-3).
-5
Suppose -32 = 5*g + 18. Let h be (((-2325)/217)/(-25))/((-3)/(-14)). Let f be (h/(4/g))/1. Let o(w) = 2*w + 2. Determine o(f).
-8
Let c(i) = -3*i + 3. Let l = -94 + 100. Suppose -10*x + l = -7*x. Determine c(x).
-3
Suppose -13 + 37 = 4*y - 3*b, y + 9 = -3*b. Let c(n) = -9 + n - 2*n + n + y*n. Let v(w) = -w**3 + 4*w**2 + 7. Let z be v(4). Determine c(z).
12
Let l(q) be the second derivative of 8*q**3 - 3*q**2/2 + 3*q + 375. Give l(2).
93
Let w(y) = 5*y**2 + 100*y + 20. Let o(x) = -x**2 - 14*x + 1. Let l(m) = 6*o(m) + w(m). Determine l(18).
-10
Suppose 5*a + p = 32, -4*a + 9*p - 12*p + 19 = 0. Let h(b) = -12*b + 3. Determine h(a).
-81
Let g(n) = -n - 3. Let x(m) = -2*m - 14. Let d be x(-9). Let y be d*18/(-48) + (-51)/6. What is g(y)?
7
Let q(g) = -6*g**3 - 16*g**2 + g + 26. Let a(s) = s**3 - 1. Let x(v) = -5*a(v) - q(v). Let w be x(-16). Let k = 8 + w. Let r(c) = c**2 + c - 3. Determine r(k).
9
Let d(y) = -y**3 + 10*y**2 - 4. Let p(m) = -m**3 + 24*m**2 - m + 25. Let v be p(24). Let k be v*(-35)/(-28)*8. What is d(k)?
-4
Let u(h) be the third derivative of -h**5/60 - h**4/3 - 7*h**3/6 + 49*h**2 + 2. Let t(m) = m**3 - 5*m**2 + 5*m - 1. Let o be t(5). Let r = 16 - o. Give u(r).
-7
Suppose -4*r = 4 - 0. Let c(w) = -2*w + 22. Let h(y) = -2*y - 24. Let g(z) = -c(z) - h(z). What is g(r)?
-2
Let h(i) be the first derivative of 40 + 3*i + 4/3*i**3 + 0*i**2 - 1/4*i**4. Give h(4).
3
Let g(j) = 48*j + 145. Let d be 11 + 372/(-36) + (-22)/6. Let a be g(d). Let r(s) = -9*s**2 - 3*s + 1. Calculate r(a).
-11
Let l be 195/12 - (-4)/(-16). Let h(w) = -17*w - 66. Let g(m) = 4*m + 11. Let f(y) = -9*g(y) - 2*h(y). Calculate f(l).
1
Let k(a) = a**3 + 22*a**2 + 8*a - 265. Let t be k(-20). Let r = 370 - t. Let w(p) = -2*p - 4. Let b(j) = j + 5. Let u(x) = -2*b(x) - 3*w(x). Give u(r).
-18
Let o = -7221 - -7227. Let j(a) = -2*a - 6. Give j(o).
-18
Suppose 7*o - 238 = -175. Let u(y) = -3*y**3 + 17*y**2 + 43*y - 27. Let j(t) = -2*t**3 + 11*t**2 + 29*t - 18. Let p(d) = -7*j(d) + 5*u(d). Give p(o).
18
Suppose -8 = -o - 64*h + 65*h, 0 = -3*o + 4*h + 30. Let f(r) be the first derivative of r - 3/2*r**o + 27. Determine f(-5).
16
Let n = 36 - 28. Suppose -4*s + 2 = -10. Let w(t) = 11 + 6*t**2 + 0*t**3 - 1 + t**s - 13*t**2 - 9*t. What is w(n)?
2
Let d(o) be the second derivative of -o**3 + 53*o**2/2 + 156*o. Determine d(9).
-1
Let j be (-10)/(-70)*-20*(-7)/2. Let y(m) = 2 - m**3 - 16*m + 13*m + j*m**2 - 3 + 2 - 9*m**2. Let q = 4 - 2. What is y(q)?
-9
Let d(x) = 4*x**3 + 9*x**2 + 9*x + 3. Let i(l) = -l**3 - l**2 - l. Let g(t) = -4*t + 41. Let k be g(9). Let q(c) = k*i(c) + d(c). Calculate q(5).
-2
Let g(b) = -6*b**3 - 218*b**2 - 70*b + 67. Let f be g(-36). Let n(h) be the second derivative of 0 + 1/12*h